{"id":866,"date":"2014-03-25T17:16:04","date_gmt":"2014-03-25T15:16:04","guid":{"rendered":"http:\/\/www.mikomma.de\/pub\/?page_id=866"},"modified":"2014-03-25T21:52:07","modified_gmt":"2014-03-25T19:52:07","slug":"chormusik","status":"publish","type":"page","link":"http:\/\/www.mikomma.de\/pub\/werk\/chormusik\/","title":{"rendered":"Chormusik"},"content":{"rendered":"<p align=\"center\"><b>7.\u00a0 Chormusik<\/b><b>\u00a0<\/b><\/p>\n<p align=\"center\"><b>\u00a0\u00a0\u00a0\u00a0\u00a0 Werke f\u00fcr Chor a cappella<\/b><\/p>\n<p><b>Der Tod<br \/>\n<\/b>f\u00fcr f\u00fcnfstimmigen gemischten Chor<br \/>\nnach F. Klopstock<br \/>\n1939\u00a0\u00a0\u00a0\u00a0\u00a0\u00a0\u00a0\u00a0\u00a0\u00a0\u00a0\u00a0\u00a0\u00a0\u00a0 (3 Min.)<br \/>\n<i>Ullmann<\/i><\/p>\n<p><b>Die Liebe<br \/>\n<\/b>f\u00fcr f\u00fcnfstimmigen gemischten Chor<br \/>\nnach M. Claudius<br \/>\n1939\u00a0\u00a0\u00a0\u00a0\u00a0\u00a0\u00a0\u00a0\u00a0\u00a0\u00a0\u00a0\u00a0\u00a0\u00a0 (3 Min.)<br \/>\n<i>Leuckart, 1954, Nr. 569<\/i><\/p>\n<p><b>Weihnacht<br \/>\n<\/b>f\u00fcr vierstimmigen gemischten Chor<br \/>\nnach R. A. Schr\u00f6der<br \/>\n1950\u00a0\u00a0\u00a0\u00a0\u00a0\u00a0\u00a0\u00a0\u00a0\u00a0\u00a0\u00a0\u00a0\u00a0\u00a0 (2 Min.)<br \/>\n<i>Leuckart, 1954, Nr. 577<\/i><\/p>\n<p><b>Setze mich wie ein Siegel<br \/>\n<\/b>Motette f\u00fcr vierstimmigen gemischten Chor<br \/>\n1951\u00a0\u00a0\u00a0\u00a0\u00a0\u00a0\u00a0\u00a0\u00a0\u00a0\u00a0\u00a0\u00a0\u00a0\u00a0 (5 Min.)<br \/>\n<i>Ichthys, 1956<\/i><b>\u00a0<\/b><\/p>\n<p><b>Zwei Motetten<br \/>\n<\/b>f\u00fcr vierstimmigen Chor a cappella<br \/>\nnach Ch. P\u00e9gny<br \/>\n1959\u00a0\u00a0\u00a0\u00a0\u00a0\u00a0\u00a0\u00a0\u00a0\u00a0\u00a0\u00a0\u00a0\u00a0\u00a0 (19 Min.)<\/p>\n<p><b>Missa cum jubilo<br \/>\n<\/b>f\u00fcr vierstimmigen gemischten Chor<br \/>\n1962<\/p>\n<p><b>Die Seligpreisungen<br \/>\n<\/b>Motette f\u00fcr drei- bis sechs-stimmigen gemischten Chor<br \/>\n1963\u00a0\u00a0\u00a0\u00a0\u00a0\u00a0\u00a0\u00a0\u00a0\u00a0\u00a0\u00a0\u00a0\u00a0\u00a0 (20 Min.)<\/p>\n<p><b>Alleluja und Pfingstsequenz<br \/>\n<\/b>f\u00fcr siebenstimmigen gemischten Chor<br \/>\n1964\u00a0\u00a0\u00a0\u00a0\u00a0\u00a0\u00a0\u00a0\u00a0\u00a0\u00a0\u00a0\u00a0\u00a0\u00a0 (8 Min.)<br \/>\n<i>H\u00e4nssler 1969 \/ 1992 Carus, CV 25.005<br \/>\n<\/i><i>LP Corona SM 30 022<\/i><\/p>\n<p><b>Matth\u00e4uspassion<br \/>\n<\/b>f\u00fcr vier- bis sechsstimmigen Chor , zwei Solosoprane, Solotenor (Hohepriester, Pilatus), Solobariton (Jesus) und Solobass (Judas)<br \/>\n1965\u00a0\u00a0\u00a0\u00a0\u00a0\u00a0\u00a0\u00a0\u00a0\u00a0\u00a0\u00a0\u00a0\u00a0\u00a0 (30 Min.)<br \/>\n<i>H\u00e4nssler \/ 1992 Carus, CV 25.005<br \/>\n<\/i><i>LP Corona SM 30 009<br \/>\n<\/i><i>LP MHS 3680<\/i><b>\u00a0<\/b><\/p>\n<p><b>Propien-Ges\u00e4nge<br \/>\n<\/b>f\u00fcr vier- bis achtstimmigen gemischten Chor<br \/>\n&#8211; f\u00fcr Allerheiligen<br \/>\n1967\u00a0\u00a0\u00a0\u00a0\u00a0\u00a0\u00a0\u00a0\u00a0\u00a0\u00a0\u00a0 (14 Min.)<br \/>\n&#8211; f\u00fcr den 1. Weihnachtsfeiertag<br \/>\n1967\u00a0\u00a0\u00a0\u00a0\u00a0\u00a0\u00a0\u00a0\u00a0\u00a0\u00a0\u00a0 (14 Min.)<br \/>\n&#8211; vier Adventslieder<br \/>\n1967\u00a0\u00a0\u00a0\u00a0\u00a0\u00a0\u00a0\u00a0\u00a0\u00a0\u00a0\u00a0 (10 Min.)<\/p>\n<p><b>Ach, da\u00df Du den Himmel zerrissest<br \/>\n<\/b>Motette f\u00fcr vier- bis achtstimmigen gemischten Chor<br \/>\n1973\u00a0\u00a0\u00a0\u00a0\u00a0\u00a0\u00a0\u00a0\u00a0\u00a0\u00a0\u00a0\u00a0\u00a0\u00a0 (10 Min.)<br \/>\n<i>D\u00f6ring, 1973, MD 401<\/i><\/p>\n<p><b>Singet dem Herrn ein neues Lied<br \/>\n<\/b>Motette f\u00fcr vierstimmigen gemischten Chor<br \/>\n1974\u00a0\u00a0\u00a0\u00a0\u00a0\u00a0\u00a0\u00a0\u00a0\u00a0\u00a0\u00a0\u00a0\u00a0\u00a0 (3:15 Min.)<\/p>\n<p><b>Vier Motetten<br \/>\n<\/b>f\u00fcr vierstimmigen gemischten Chor<br \/>\nnach F. H\u00f6lderlin<br \/>\n1975\u00a0\u00a0\u00a0 \u00a0\u00a0\u00a0\u00a0\u00a0\u00a0\u00a0\u00a0\u00a0\u00a0\u00a0 (10 Min.)<br \/>\n<i>D\u00f6ring, 1975, MD 4021<\/i><\/p>\n<p><b>Psalm 116<br \/>\n<\/b>f\u00fcr vierstimmigen gemischten Chor<br \/>\n\u201eDas ist mir lieb, da\u00df der Herr\u201c<br \/>\n1981\u00a0\u00a0\u00a0\u00a0\u00a0\u00a0\u00a0\u00a0\u00a0\u00a0\u00a0\u00a0\u00a0\u00a0\u00a0 (6 Min.)<\/p>\n<p><b>Magnificat deutsch<br \/>\n<\/b>f\u00fcr f\u00fcnfstimmigen gemischten Chor<br \/>\n1981\u00a0\u00a0\u00a0\u00a0\u00a0\u00a0\u00a0\u00a0\u00a0\u00a0\u00a0\u00a0\u00a0\u00a0\u00a0 (3 Min.)<\/p>\n<p><b>Hommage \u00e0 H\u00e4ndel<br \/>\n<\/b>f\u00fcr vier- bis achtstimmigen gemischten Chor<br \/>\nnach D. Hammarskj\u00f6ld<br \/>\n1985\u00a0\u00a0\u00a0\u00a0\u00a0\u00a0\u00a0\u00a0\u00a0\u00a0\u00a0\u00a0\u00a0\u00a0\u00a0 (7:30 Min.)<\/p>\n<p><b>Drei Lieder der Gei\u00dfler<br \/>\n<\/b>f\u00fcr drei- bis sechsstimmigen gemischten Chor<br \/>\n1985\u00a0\u00a0\u00a0\u00a0\u00a0\u00a0\u00a0\u00a0\u00a0\u00a0\u00a0\u00a0\u00a0\u00a0\u00a0 (5 Min.)<br \/>\n<i>Pro Organo, 1987, P. O. 3005<br \/>\n<\/i><i>CD SP 85 690<\/i><\/p>\n<p><b>23 Lieds\u00e4tze<br \/>\n<\/b>f\u00fcr vierstimmigen gemischten Chor<br \/>\nin: \u201eNun jauchzt dem Herren, alle Welt\u201c (\u201eDeutsche Liedmesse\u201c)<br \/>\n1986\u00a0\u00a0\u00a0\u00a0\u00a0\u00a0\u00a0\u00a0\u00a0\u00a0\u00a0\u00a0\u00a0\u00a0\u00a0 (15 Min.)<br \/>\n<i>Pro Organo, 1987, P. O. 3004<\/i><\/p>\n<p><b>Fried\u2019 sei auf Erden<br \/>\n<\/b>f\u00fcr vierstimmigen gemischten Chor<br \/>\nS\u00fcdostdeutsche Weihnachtslieder<br \/>\n1987\u00a0\u00a0\u00a0\u00a0\u00a0\u00a0\u00a0\u00a0\u00a0\u00a0\u00a0\u00a0\u00a0\u00a0\u00a0 (10:30 Min.)<br \/>\n<i>Pro Organo, 1987, P. O. 3006<\/i><\/p>\n<p><b>Drei Madrigale<br \/>\n<\/b>f\u00fcr f\u00fcnfstimmigen gemischten Chor<br \/>\n1991\u00a0\u00a0\u00a0\u00a0\u00a0\u00a0\u00a0\u00a0\u00a0\u00a0\u00a0\u00a0\u00a0\u00a0\u00a0 (7 Min.)<\/p>\n<p><b>Psalm 150<br \/>\n<\/b>f\u00fcr vier- bis achtstimmigen M\u00e4nnerchor<br \/>\n1992\u00a0\u00a0\u00a0\u00a0\u00a0\u00a0\u00a0\u00a0\u00a0\u00a0\u00a0\u00a0\u00a0\u00a0\u00a0 (4 Min.)<\/p>\n<p><b>Stabat Mater<br \/>\n<\/b>f\u00fcr f\u00fcnfstimmigen gemischten Chor<br \/>\n1997\u00a0\u00a0\u00a0 \u00a0\u00a0\u00a0\u00a0\u00a0\u00a0\u00a0\u00a0\u00a0\u00a0\u00a0 (15 Min.)<br \/>\n<i>Carus, 1998, CV 7.305<br \/>\n<\/i><i>CD Konzertmitschnitt Zeiler<\/i><\/p>\n<p align=\"center\">\u00a0\u00a0\u00a0\u00a0\u00a0 <b><br clear=\"all\" \/> Werke f\u00fcr Chor und Klavier<\/b><\/p>\n<p><b>Von ewiger Liebe<br \/>\n<\/b>f\u00fcr Vokalquartett (Chor) und Klavier<br \/>\n1946<\/p>\n<p><b>Vom heimlichen Leben<br \/>\n<\/b>f\u00fcr Vokalquartett (Chor) und Klavier<br \/>\n1946<\/p>\n<p><b>Drei Ges\u00e4nge<br \/>\n<\/b>f\u00fcr gemischten Chor und Klavier<br \/>\nnach Gedichten von G. Gaiser<br \/>\n1958\u00a0\u00a0\u00a0\u00a0\u00a0\u00a0\u00a0\u00a0\u00a0\u00a0\u00a0\u00a0\u00a0\u00a0\u00a0 (6 Min.)<\/p>\n<p><b>Drei Scherzi<br \/>\n<\/b>f\u00fcr vierstimmigen gemischten Chor und Klavier<br \/>\nnach J. Nestroy, H. Seidel und F. Werfel<br \/>\n1968\u00a0\u00a0\u00a0 \u00a0\u00a0\u00a0\u00a0\u00a0\u00a0\u00a0\u00a0\u00a0\u00a0\u00a0 (8 Min.)<br \/>\n<i>Ichthys, 1970, Ed. Nr. 132<\/i><\/p>\n<p><b>F\u00fcnf St\u00fccke<br \/>\n<\/b>f\u00fcr vierstimmigen gemischten Chor und Klavier<br \/>\nnach R. Char<br \/>\n1986\u00a0\u00a0\u00a0\u00a0\u00a0\u00a0\u00a0\u00a0\u00a0\u00a0\u00a0\u00a0\u00a0\u00a0\u00a0 (6 Min.)<\/p>\n<p><b>Drei St\u00fccke<br \/>\n<\/b>f\u00fcr gemischten Chor und Klavier<br \/>\nnach E. M\u00f6rike<br \/>\n2004\u00a0\u00a0\u00a0\u00a0\u00a0\u00a0\u00a0\u00a0\u00a0\u00a0\u00a0\u00a0\u00a0\u00a0\u00a0 (3:30 Min.)<\/p>\n<p align=\"center\">\u00a0\u00a0\u00a0\u00a0\u00a0 <b><br clear=\"all\" \/> Werke f\u00fcr Chor und Orgel<\/b><\/p>\n<p>\u00a0<b>Weihnachtskantilene<br \/>\n<\/b>f\u00fcr Mezzosopran, vierstimmigen gemischten Chor und Orgel<br \/>\n1947\u00a0\u00a0\u00a0\u00a0\u00a0\u00a0\u00a0\u00a0\u00a0\u00a0\u00a0\u00a0\u00a0\u00a0\u00a0 (16 Min.)<\/p>\n<p><b>Der 100. Psalm<br \/>\n<\/b>f\u00fcr Mezzosopran, Chor und Orgel<br \/>\n1947<\/p>\n<p><b>Kleines Magnificat deutsch<br \/>\n<\/b>f\u00fcr f\u00fcnfstimmigen gemischten Chor mit Orgelversetten<br \/>\n1981\u00a0\u00a0\u00a0\u00a0\u00a0\u00a0\u00a0\u00a0\u00a0\u00a0\u00a0\u00a0\u00a0\u00a0\u00a0 (10 Min.)<\/p>\n<p><b>Deutsche Liedmesse<br \/>\n<\/b>f\u00fcr gemischten Chor und Orgel<br \/>\n1986<\/p>\n<p><b>Missa choralis (deutsch)<br \/>\n<\/b>f\u00fcr gemischten Chor und Orgel<br \/>\n1993\/2003\u00a0\u00a0\u00a0\u00a0\u00a0\u00a0 (10 Min.)<\/p>\n<p><b>Taistener Messe<br \/>\n<\/b>f\u00fcr drei- bis vierstimmigen Chor und Orgel<br \/>\n1993\u00a0\u00a0\u00a0\u00a0\u00a0\u00a0\u00a0\u00a0\u00a0\u00a0\u00a0\u00a0\u00a0\u00a0\u00a0 (8 Min.)<\/p>\n<p><b>Triptychon<br \/>\n<\/b>f\u00fcr Soloquartett (Chor) und Orgel<br \/>\n1995\u00a0\u00a0\u00a0\u00a0\u00a0\u00a0\u00a0\u00a0\u00a0\u00a0\u00a0\u00a0\u00a0\u00a0\u00a0 (18 Min.)<\/p>\n<p><b>Wenn aber des Menschen Sohn<br \/>\n<\/b>Motette f\u00fcr vierstimmigen gemischten Chor und Orgel<br \/>\n1997\u00a0\u00a0\u00a0\u00a0\u00a0\u00a0\u00a0\u00a0\u00a0\u00a0\u00a0\u00a0\u00a0\u00a0\u00a0 (10 Min.)<br \/>\n<i>Carus, 1998, CV 7.306<\/i><b>\u00a0<\/b><\/p>\n<p><b>\u00dcberaus ehrfurchtgebietend<br \/>\n<\/b>f\u00fcr vierstimmigen gemischten Chor und Orgel<br \/>\nnach dem Alten Testament<br \/>\n1998\u00a0\u00a0\u00a0\u00a0\u00a0\u00a0\u00a0\u00a0\u00a0\u00a0\u00a0\u00a0\u00a0\u00a0\u00a0 (4 Min.)<\/p>\n<p><b>Requiem<br \/>\n<\/b>f\u00fcr gemischten Chor und Orgel<br \/>\n2000\u00a0\u00a0\u00a0\u00a0\u00a0\u00a0\u00a0\u00a0\u00a0\u00a0\u00a0\u00a0\u00a0\u00a0\u00a0 (25 Min.)<br \/>\n<i>Carus, 2000, CV 7.304<br \/>\n<\/i><i>CD Konzertmitschnitt Zeiler<br \/>\n<\/i><\/p>\n<p align=\"center\">\u00a0\u00a0\u00a0\u00a0\u00a0 <b>Ch\u00f6re und Kantaten mit mehreren Instrumenten <\/b><\/p>\n<p>&nbsp;<\/p>\n<p><b>Soldatenkantate \u2013 Ein Schifflein sah ich fahren<br \/>\n<\/b>f\u00fcr gemischten Chor und Kammerorchester<br \/>\n1939\u00a0\u00a0\u00a0\u00a0\u00a0\u00a0\u00a0\u00a0\u00a0\u00a0\u00a0\u00a0\u00a0\u00a0\u00a0 (12 Min.)<br \/>\n<i>Ullmann, 1941<\/i><\/p>\n<p><b>Die kleinen Tagzeiten<br \/>\n<\/b>f\u00fcnf Hymnen f\u00fcr vierstimmigen Frauenchor, zwei Trompeten, zwei Posaunen und Klavier<br \/>\n1948\u00a0\u00a0\u00a0\u00a0\u00a0\u00a0\u00a0\u00a0\u00a0\u00a0\u00a0\u00a0\u00a0\u00a0\u00a0 (12 Min.)<\/p>\n<p><b>Spruchkantate<br \/>\n<\/b>f\u00fcr Solosopran, Solotenor, gemischten Chor und zwei Klaviere zu acht H\u00e4nden<br \/>\nnach J. W. von Goethe<br \/>\n1949\u00a0\u00a0\u00a0\u00a0\u00a0\u00a0\u00a0\u00a0\u00a0\u00a0\u00a0\u00a0\u00a0\u00a0\u00a0 (30 Min.)<\/p>\n<p><b>Hymnus I und II<br \/>\n<\/b>f\u00fcr vierstimmigen gemischten Chor, drei Trompeten, drei Posaunen und Basstuba<br \/>\n1952\u00a0\u00a0\u00a0\u00a0\u00a0\u00a0\u00a0\u00a0\u00a0\u00a0\u00a0\u00a0\u00a0\u00a0\u00a0 (8:30 Min.)<b>\u00a0<\/b><\/p>\n<p><b>Psalmenkantate<br \/>\n<\/b>f\u00fcr gemischten Chor, drei Oboen, drei Fagotte, drei Trompeten, drei Posaunen, Pauken, Glocken und Harfe<br \/>\n1958\u00a0\u00a0\u00a0\u00a0\u00a0\u00a0\u00a0\u00a0\u00a0\u00a0\u00a0\u00a0\u00a0\u00a0\u00a0 (55 Min.)<br \/>\n<i>Ichthys, 1958, Ed. Nr. 117 **<br \/>\n<\/i><i>LP Corona SM 30 018<\/i><\/p>\n<p><b>Ecce Sacerdos<br \/>\n<\/b>f\u00fcr vierstimmigen gemischten Chor, zwei Trompeten und zwei Posaunen (Orgel)<br \/>\n1962\u00a0\u00a0\u00a0\u00a0\u00a0\u00a0\u00a0\u00a0\u00a0\u00a0\u00a0\u00a0\u00a0\u00a0\u00a0 (3 Min.)<\/p>\n<p><b>Worte der Meister<br \/>\n<\/b>f\u00fcr vierstimmigen gemischten Chor, Klarinette, Trompete,<br \/>\nKontrabass und Klavier<br \/>\n1965\u00a0\u00a0\u00a0\u00a0\u00a0\u00a0\u00a0\u00a0\u00a0\u00a0\u00a0\u00a0\u00a0\u00a0\u00a0 (20 Min.)<\/p>\n<p><b>Passionsmusik nach Jesaia 53<br \/>\n<\/b>f\u00fcr Solosopran, Solobariton, gemischten Chor,\u00a0 Kammerorchester und Orgel<br \/>\n1966\u00a0\u00a0\u00a0\u00a0\u00a0\u00a0\u00a0\u00a0\u00a0\u00a0\u00a0\u00a0\u00a0\u00a0\u00a0 (20 Min.)<\/p>\n<p><b>Deutsches Ordinarium<br \/>\n<\/b>f\u00fcr Vors\u00e4nger, Chor und Orgel (zwei Trompeten und zwei Posaunen ad libitum)<br \/>\n1967\u00a0\u00a0\u00a0\u00a0\u00a0\u00a0\u00a0\u00a0\u00a0\u00a0\u00a0\u00a0\u00a0\u00a0\u00a0 (10 Min.)<br \/>\n<i>Ichthys, 1969, Ed. 173<br \/>\n<\/i><i>LP Corona SM 30 022<\/i><\/p>\n<p><b>Die Ges\u00e4nge des 4. Sonntags nach Ostern<br \/>\n<\/b>f\u00fcr Soli, Chor und Orgel (zwei Trompeten, zwei Posaunen und Pauken ad libitum)<br \/>\n1969\u00a0\u00a0\u00a0\u00a0\u00a0\u00a0\u00a0\u00a0\u00a0\u00a0\u00a0\u00a0\u00a0\u00a0\u00a0 (15 Min.)<br \/>\n<i>Ichthys, 1970, Ed. 174<br \/>\n<\/i><i>LP Corona SM 30 022<\/i><\/p>\n<p><b>Requiem<br \/>\n<\/b>f\u00fcr gemischten Chor, Orgel\u00a0 und Schlagzeug<br \/>\n1969\u00a0\u00a0\u00a0\u00a0\u00a0\u00a0\u00a0\u00a0\u00a0\u00a0\u00a0\u00a0\u00a0\u00a0\u00a0 (23 Min.)<\/p>\n<p><b>Die Weihnachtsgeschichte nach Lukas<br \/>\n<\/b>f\u00fcr Solosopran, Solobariton, vier- bis mehrstimmigen gemischten Chor, Trompete, Orgel und kleines Schlagzeug<br \/>\n1970\u00a0\u00a0\u00a0\u00a0\u00a0\u00a0\u00a0\u00a0\u00a0\u00a0\u00a0\u00a0\u00a0\u00a0\u00a0 (17 Min.)<br \/>\n<i>LP Corona SM 30 029<br \/>\n<\/i><i>LP MHS 3680<\/i><\/p>\n<p><b>Pferdeballade<br \/>\n<\/b>f\u00fcr Singstimmen (Kinderchor), beliebige Instrumente und kleines Schlagzeug<br \/>\n1973<br \/>\n<i>Hohner, 1973, Nr. 0\/062\/012<\/i><\/p>\n<p><b>Liegen ungebunden auf der Erde<br \/>\n<\/b>f\u00fcr vierstimmigen gemischten Chor und Streichorchester<br \/>\nMotette nach A. Goes<br \/>\n1973\u00a0\u00a0\u00a0\u00a0\u00a0\u00a0\u00a0\u00a0\u00a0\u00a0\u00a0\u00a0\u00a0\u00a0\u00a0 (8 Min.)<br \/>\n<i>D\u00f6ring, 1974, MD 449<\/i><\/p>\n<p><b>Ave maris stella<br \/>\n<\/b>f\u00fcr Solosopran, Chor, Oboe, drei Trompeten, Streicher und Orgel<br \/>\n1988\u00a0\u00a0\u00a0\u00a0\u00a0\u00a0\u00a0\u00a0\u00a0\u00a0\u00a0\u00a0\u00a0\u00a0\u00a0 (10 Min.)<\/p>\n<p><b>Erntedank<br \/>\n<\/b>f\u00fcr Solosopran, Solobariton, dreistimmigen gemischten Chor, Posaunenchor und Orgel<br \/>\n1989\u00a0\u00a0\u00a0\u00a0\u00a0\u00a0\u00a0\u00a0\u00a0\u00a0\u00a0\u00a0\u00a0\u00a0\u00a0 (7 Min.)<b>\u00a0<\/b><\/p>\n<p><b>Astrophonia<br \/>\n<\/b>f\u00fcr Solosopran, vierstimmigen gemischten Chor, drei Blockfl\u00f6ten, zwei Saxophone, drei Trompeten, Streicher und Klavier<br \/>\nSchulkantate nach Texten von Novalis<br \/>\n1991\u00a0\u00a0\u00a0\u00a0\u00a0\u00a0\u00a0\u00a0\u00a0\u00a0\u00a0\u00a0\u00a0\u00a0\u00a0 (21 Min.)<\/p>\n<p><b>Totentanz<br \/>\n<\/b>f\u00fcr Solobariton, gemischten Chor, Klavier, Schlagzeug, Xylophon und Orgel<br \/>\n1994\u00a0\u00a0\u00a0\u00a0\u00a0\u00a0\u00a0\u00a0\u00a0\u00a0\u00a0\u00a0\u00a0\u00a0\u00a0 (23 Min.)<\/p>\n<p><b>Sei Lob und Ehr<br \/>\n<\/b>f\u00fcr Solosopran, vierstimmigen gemischten Chor, Posaunenchor und Orgel<br \/>\n1995\u00a0\u00a0\u00a0\u00a0\u00a0\u00a0\u00a0\u00a0\u00a0\u00a0\u00a0\u00a0\u00a0\u00a0\u00a0 (10 Min.)<\/p>\n<p><b>Herr ist Jesus Christus<br \/>\n<\/b>Motette f\u00fcr vier- bis achtstimmigen gemischten Chor, zwei Trompeten und zwei Posaunen (Orgel)<br \/>\n1996\u00a0\u00a0\u00a0\u00a0\u00a0\u00a0\u00a0\u00a0\u00a0\u00a0\u00a0\u00a0\u00a0\u00a0\u00a0 (10 Min.)<br \/>\n<i>Carus, 1996, CV 7.306<\/i><\/p>\n<p><b>Und Jesus lachte<br \/>\n<\/b>f\u00fcr Kinderchor, vierstimmigen gemischten Chor, Fl\u00f6te, Violine,\u00a0 Laute (Gitarre) und Orgel<br \/>\nnach K. H. Waggerl<br \/>\n1999\u00a0\u00a0\u00a0\u00a0\u00a0\u00a0\u00a0\u00a0\u00a0\u00a0\u00a0\u00a0\u00a0\u00a0\u00a0 (7 Min.)<\/p>\n<p align=\"center\">\u00a0\u00a0\u00a0\u00a0\u00a0 <b><br clear=\"all\" \/> Werke f\u00fcr Chor und Orchester<\/b><\/p>\n<p>\u00a0<b>Gesang des Deutschen<br \/>\n<\/b>f\u00fcr vier Soli, gemischten Chor und gro\u00dfes Orchester<br \/>\nnach F. H\u00f6lderlin<br \/>\n1943\u00a0\u00a0\u00a0\u00a0\u00a0\u00a0\u00a0\u00a0\u00a0\u00a0\u00a0\u00a0\u00a0\u00a0\u00a0 (50 Min.)<\/p>\n<p><b>Das abendl\u00e4ndische Lied<br \/>\n<\/b>f\u00fcr gemischten Chor und Orchester<br \/>\nnach G. Trakl<br \/>\n1961\u00a0\u00a0\u00a0\u00a0\u00a0\u00a0\u00a0\u00a0\u00a0\u00a0\u00a0\u00a0\u00a0\u00a0\u00a0 (15 Min.)<\/p>\n<p><b>Die H\u00fctte Gottes<br \/>\n<\/b>Oratorium f\u00fcr vier Soli, Chor, Orchester, Cembalo und Orgel<br \/>\n1977\u00a0\u00a0\u00a0\u00a0\u00a0\u00a0\u00a0\u00a0\u00a0\u00a0\u00a0\u00a0\u00a0\u00a0\u00a0 (70 Min.)<br \/>\n<i>H\u00e4nssler \/ 1992 Carus (Leihmaterial) CV 10.332<\/i><\/p>\n<p><b>Hymnus an die Liebe<br \/>\n<\/b>f\u00fcr ein- bis sechsstimmigen Chor und Orchester<br \/>\nnach F. H\u00f6lderlin<br \/>\n2004\u00a0\u00a0\u00a0\u00a0\u00a0\u00a0\u00a0\u00a0\u00a0\u00a0\u00a0\u00a0\u00a0\u00a0\u00a0 (12 Min.)<\/p>\n<p><b>Requiem 2000<br \/>\n<\/b>f\u00fcr gemischten Chor und Orchester<br \/>\n2006\u00a0\u00a0\u00a0\u00a0\u00a0\u00a0\u00a0\u00a0\u00a0\u00a0\u00a0\u00a0\u00a0\u00a0\u00a0 (25 Min.)<\/p>\n\n<script>\nvar zbPregResult = '0';\n<\/script>\n","protected":false},"excerpt":{"rendered":"<p>7.\u00a0 Chormusik\u00a0 \u00a0\u00a0\u00a0\u00a0\u00a0 Werke f\u00fcr Chor a cappella Der Tod f\u00fcr f\u00fcnfstimmigen gemischten Chor nach F. Klopstock 1939\u00a0\u00a0\u00a0\u00a0\u00a0\u00a0\u00a0\u00a0\u00a0\u00a0\u00a0\u00a0\u00a0\u00a0\u00a0 (3 Min.) Ullmann Die Liebe f\u00fcr f\u00fcnfstimmigen gemischten Chor nach M. Claudius 1939\u00a0\u00a0\u00a0\u00a0\u00a0\u00a0\u00a0\u00a0\u00a0\u00a0\u00a0\u00a0\u00a0\u00a0\u00a0 (3 Min.) Leuckart, 1954, Nr. 569 Weihnacht f\u00fcr vierstimmigen [&hellip;]<\/p>\n","protected":false},"author":6,"featured_media":0,"parent":126,"menu_order":0,"comment_status":"open","ping_status":"open","template":"","meta":{"footnotes":""},"class_list":["post-866","page","type-page","status-publish","hentry"],"_links":{"self":[{"href":"http:\/\/www.mikomma.de\/pub\/wp-json\/wp\/v2\/pages\/866","targetHints":{"allow":["GET"]}}],"collection":[{"href":"http:\/\/www.mikomma.de\/pub\/wp-json\/wp\/v2\/pages"}],"about":[{"href":"http:\/\/www.mikomma.de\/pub\/wp-json\/wp\/v2\/types\/page"}],"author":[{"embeddable":true,"href":"http:\/\/www.mikomma.de\/pub\/wp-json\/wp\/v2\/users\/6"}],"replies":[{"embeddable":true,"href":"http:\/\/www.mikomma.de\/pub\/wp-json\/wp\/v2\/comments?post=866"}],"version-history":[{"count":3,"href":"http:\/\/www.mikomma.de\/pub\/wp-json\/wp\/v2\/pages\/866\/revisions"}],"predecessor-version":[{"id":891,"href":"http:\/\/www.mikomma.de\/pub\/wp-json\/wp\/v2\/pages\/866\/revisions\/891"}],"up":[{"embeddable":true,"href":"http:\/\/www.mikomma.de\/pub\/wp-json\/wp\/v2\/pages\/126"}],"wp:attachment":[{"href":"http:\/\/www.mikomma.de\/pub\/wp-json\/wp\/v2\/media?parent=866"}],"curies":[{"name":"wp","href":"https:\/\/api.w.org\/{rel}","templated":true}]}}